{"id":119,"date":"2015-07-17T15:03:37","date_gmt":"2015-07-17T15:03:37","guid":{"rendered":"http:\/\/politiskhistoria.se\/?page_id=119"},"modified":"2015-12-02T09:31:35","modified_gmt":"2015-12-02T09:31:35","slug":"press","status":"publish","type":"page","link":"https:\/\/politiskhistoria.se\/?page_id=119","title":{"rendered":"Svart Potatis"},"content":{"rendered":"<p><strong>Svart Potatis,\u00a0<\/strong><em>Den stora sv\u00e4lten, Irland 1845-50,\u00a0<\/em><em>av P\u00e4r Lodin<\/em><\/p>\n<p>Miljoner irl\u00e4ndare riskerar att d\u00f6 av hunger efter att en mystisk potatissjukdom slagit till med f\u00f6r\u00f6dande kraft efter ett extremt regnv\u00e4der.<br \/>\n\u201dEtt helt folk har f\u00f6rlorat sin f\u00f6da\u201d, skriver en pr\u00e4st.<br \/>\nIrland st\u00e5r inf\u00f6r en situation \u201dn\u00e4stan utan motsvarighet i v\u00e4rldshistorien\u201d, s\u00e4gs det i parlamentet.<\/p>\n<p>Det brittiska imperiet m\u00e5ste hj\u00e4lpa sina medborgare.<br \/>\nMen att ingripa i handeln \u00e4r emot ekonomernas teorier om <i>free trade<\/i> och <i>laissez faire<\/i>. Spannm\u00e5l fraktas bort fr\u00e5n det hungrande folket med milit\u00e4reskort.<br \/>\nDen liberala Whig-regeringen har inf\u00f6rt h\u00e5rda fattiglagar och st\u00e4ller om\u00e4nskliga arbetskrav p\u00e5 de sv\u00e4ltande som stupar i tusentals p\u00e5 meningsl\u00f6sa v\u00e4gbyggen.<\/p>\n<p><i>Svart Potatis<\/i> skildrar h\u00e4ndelsef\u00f6rloppet och det politiska spelet under den irl\u00e4ndska potatissv\u00e4lten 1845-50, d\u00e5\u00a0en miljon irl\u00e4ndare dog av sv\u00e4lt.\u00a0F\u00f6r f\u00f6rsta g\u00e5ngen finns en bok p\u00e5 svenska om den st\u00f6rsta fredstida katastrofen i Europa under 1800-talet.<\/p>\n<p>Format 140&#215;210, mjukband, 404 sidor.<\/p>\n<p>Kan k\u00f6pas t ex hos <span style=\"color: #0000ff;\"><a style=\"color: #0000ff;\" href=\"http:\/\/www.bokus.com\/bok\/9789198241709\/svart-potatis\/\">Bokus<\/a>,\u00a0<\/span> Adlibris eller i v\u00e4lsorterad bokhandel.<\/p>\n<p>Press och media kan best\u00e4lla recensionsexemplar via mail till info@politiskhistoria.se<\/p>\n<p>Provl\u00e4s (inneh\u00e5ll, f\u00f6rord, kapitel 1) \u2013 klicka p\u00e5 omslaget nedan eller <span style=\"color: #3366ff;\"><a style=\"color: #3366ff;\" href=\"http:\/\/issuu.com\/politiskhistoria\/docs\/svpotatis_s1-27b_04a83af443fbbd\/1\" target=\"_blank\">h\u00e4r<\/a><\/span>.<\/p>\n<div class=\"issuuembed\" style=\"width: 525px; height: 394px;\" data-configid=\"18387896\/15061082\"><\/div>\n<p><script src=\"\/\/e.issuu.com\/embed.js\" async=\"true\" type=\"text\/javascript\"><\/script><\/p>\n","protected":false},"excerpt":{"rendered":"<p>Svart Potatis,\u00a0Den stora sv\u00e4lten, Irland 1845-50,\u00a0av P\u00e4r Lodin Miljoner irl\u00e4ndare riskerar att d\u00f6 av hunger efter att en mystisk potatissjukdom slagit till med f\u00f6r\u00f6dande kraft efter ett extremt regnv\u00e4der. \u201dEtt helt folk har f\u00f6rlorat sin f\u00f6da\u201d, skriver en pr\u00e4st. Irland st\u00e5r inf\u00f6r en situation \u201dn\u00e4stan utan motsvarighet i v\u00e4rldshistorien\u201d, s\u00e4gs\u2026<\/p>\n<p> <a class=\"continue-reading-link\" href=\"https:\/\/politiskhistoria.se\/?page_id=119\"><span>L\u00e4s mer<\/span><i class=\"crycon-right-dir\"><\/i><\/a> <\/p>\n","protected":false},"author":1,"featured_media":0,"parent":0,"menu_order":2,"comment_status":"closed","ping_status":"closed","template":"templates\/template-twocolumns-right.php","meta":{"footnotes":""},"class_list":["post-119","page","type-page","status-publish","hentry"],"_links":{"self":[{"href":"https:\/\/politiskhistoria.se\/index.php?rest_route=\/wp\/v2\/pages\/119","targetHints":{"allow":["GET"]}}],"collection":[{"href":"https:\/\/politiskhistoria.se\/index.php?rest_route=\/wp\/v2\/pages"}],"about":[{"href":"https:\/\/politiskhistoria.se\/index.php?rest_route=\/wp\/v2\/types\/page"}],"author":[{"embeddable":true,"href":"https:\/\/politiskhistoria.se\/index.php?rest_route=\/wp\/v2\/users\/1"}],"replies":[{"embeddable":true,"href":"https:\/\/politiskhistoria.se\/index.php?rest_route=%2Fwp%2Fv2%2Fcomments&post=119"}],"version-history":[{"count":21,"href":"https:\/\/politiskhistoria.se\/index.php?rest_route=\/wp\/v2\/pages\/119\/revisions"}],"predecessor-version":[{"id":255,"href":"https:\/\/politiskhistoria.se\/index.php?rest_route=\/wp\/v2\/pages\/119\/revisions\/255"}],"wp:attachment":[{"href":"https:\/\/politiskhistoria.se\/index.php?rest_route=%2Fwp%2Fv2%2Fmedia&parent=119"}],"curies":[{"name":"wp","href":"https:\/\/api.w.org\/{rel}","templated":true}]}}